y) = 2*y - 5. Let q(j) = -7*b(j) - 3*l(j). Let m be q(0). What is the units digit of m/15 - 141/(-15)?
9
Suppose 10*q = 5*q + 480. What is the tens digit of q?
9
Let s = 69 - 114. What is the units digit of 4/(3 + -15)*s?
5
Let m(a) = a**3 + 8*a**2 + 5*a - 1. Let w be m(-7). Suppose 5*n - w - 7 = 0. Suppose -4*l + 15 + 4 = t, -n*l = 3*t - 25. What is the units digit of l?
4
Suppose -4*v - 9 = -b, 6*b - 2*v = 3*b + 17. Suppose -b*o - l = -0*l - 79, -5*o + l + 71 = 0. What is the tens digit of o?
1
Let a(h) = 6*h**2. Suppose w - 3*w = -2. What is the units digit of a(w)?
6
Let a be 6/((30/4)/5). Suppose -4*r = -2*v + r - 16, a*r = 5*v + 6. Suppose -2*c + 42 = c + v*n, 75 = 5*c + 5*n. What is the units digit of c?
2
Suppose -f + 2*f - 4 = 0. Suppose -f*t + 43 = -9. What is the tens digit of t?
1
Suppose -4*x + 4*o + 148 = -0*x, -5*x - 4*o = -149. What is the tens digit of x?
3
Let d = 26 - 15. What is the units digit of d?
1
Let q be (-18)/(-4) + 8/16. Let b(l) = -l + 7. What is the units digit of b(q)?
2
Let a = -3 + 3. Let z be (-3)/(-5)*(5 + a). Suppose z = 4*o - o. What is the units digit of o?
1
Suppose -4*o = -3*o. Suppose o = 6*p - p - 10. What is the units digit of p?
2
Let w(l) be the second derivative of -7*l**3/3 - 2*l. Let o(v) = v**2 - 4*v - 1. Let n be o(4). What is the tens digit of w(n)?
1
Let m(n) = 20*n + 1. What is the tens digit of m(3)?
6
Let o = 31 - 43. Let b = 33 + o. What is the units digit of b?
1
Suppose 5 = -2*u + 3*u. Suppose -u = -3*l + 4. What is the units digit of l?
3
Let p(i) be the first derivative of -i**4/4 - 2*i**3 + 4*i + 1. Suppose -2*v - m = 17, m = -v - 11 - 0. What is the units digit of p(v)?
4
Let a = 9 - 5. Suppose -a*l = 3*f - 4 - 77, 5*l + 3*f - 99 = 0. What is the tens digit of l?
1
Let o(d) = -d**3 - 3*d**2 + 4*d. Let c be o(-4). Let w be 5/((-15)/(-6)) - c. Suppose 2*s - 5 = w*z - 1, -2*z = -5*s + 13. What is the units digit of z?
1
Suppose -6*f = -2*f - 352. What is the units digit of f?
8
Let z = 11 - 3. Suppose -2*o - z = 3*t, -6*o = -3*t - 2*o - 2. Let m = 9 + t. What is the units digit of m?
7
Let w be 3/((-3)/(-4)*2). Let i be (-3)/(-4) + 6/(-8). Suppose 2*m - 3*m + w = i. What is the units digit of m?
2
Suppose 0 = 2*t + 4*q - 14, 0 = t + 3*q - 1 - 8. What is the units digit of (-1)/(2/(-66)) - t?
0
What is the units digit of (-1)/(-1) + 195/3?
6
Let a be ((-11)/(-4) + -2)*8. Suppose 3*v - a = 3. What is the units digit of v?
3
Suppose -4*p + 5*p = 28. What is the tens digit of p?
2
Let i(m) = 4*m**2 + 2*m + 5 + 5 - 7. What is the units digit of i(-2)?
5
Suppose -5*q + 3*q = 3*m - 29, -4*m + 36 = 2*q. Suppose m = 5*r - 4*n, -r - 3*r = 2*n + 10. Let u = r + 3. What is the units digit of u?
2
Suppose 0 = 7*v - 131 - 653. What is the units digit of v?
2
Let w be 2 - (1 - 2) - -2. Suppose 2*k = -5*u + 42, w*k + 20 = 3*u + k. What is the units digit of u?
8
Suppose -4*j = 4 - 84. What is the tens digit of j?
2
Let v(c) = -c**3 - 4*c**2 - 2*c + 3. Let s be v(-4). Suppose s + 39 = -5*g. What is the tens digit of (-48)/g*(-10)/(-3)?
1
Let t(s) be the third derivative of s**5/60 - s**4/4 - 5*s**3/3 + 2*s**2. Let i be t(7). Let j(b) = b**2 + 4*b + 4. What is the units digit of j(i)?
1
Suppose -2*u = 2*v - u - 18, -28 = -4*v + 2*u. Let m be (-4)/8 - 50/(-4). What is the units digit of (16/6)/(v/m)?
4
Let v(i) = -2*i. Let k be v(3). Let a(y) = y**2 + 4*y - 7. Let m be a(k). Let l(g) = g**3 - 3*g**2 - 5*g - 6. What is the units digit of l(m)?
9
Let k = 9 + -6. Suppose 0 = -3*q - 9, -k*m + 5*q = -27 - 27. What is the tens digit of m?
1
Let f = -33 + 51. What is the units digit of f?
8
Suppose 0 = b - 5, -2*d + 3*b = -25. What is the tens digit of d?
2
Suppose -4*c = -2*v + 6, -v = c - 2 - 4. Let n be ((-24)/(-9))/(c/(-6)). What is the tens digit of 1/(1 - (-15)/n)?
1
Suppose 4*d - d - 15 = 0. Suppose 2 - 27 = -d*h. Suppose 32 = h*b - 68. What is the tens digit of b?
2
Let s = -5 + -5. Let d = s + 13. Suppose d*f = 7*f - 48. What is the units digit of f?
2
Let l be (-81)/(-15) - (-2)/(-5). Let i be l - ((1 - -1) + -3). Suppose -i*g + 20 = -g. What is the units digit of g?
4
What is the tens digit of (-55)/(-3) + (-1)/3?
1
Let h be 1/1*(3 + -1). Let s(q) = -h + q + 2. What is the units digit of s(7)?
7
Let w = 4 + -1. Suppose -h + w + 14 = 0. What is the tens digit of h?
1
Suppose -f + n + 71 = 4*f, -f + n + 11 = 0. What is the tens digit of f?
1
Suppose 3*w - 42 = 2*w. What is the tens digit of w?
4
Let d be (-2 - 2)*7/(-4). Let p = d - 7. Suppose 3*g - 6*g = -f - 6, -g - 3*f + 12 = p. What is the units digit of g?
3
Let f = 3 + -1. Suppose -2*j = -2*i - 26, 4*j - f*i - 15 - 35 = 0. What is the tens digit of j?
1
Let p = 6 + -1. Suppose 2*f + p*d - 6 = 0, -3*f - 3*d - d = -9. Suppose 2 - 5 = -f*o. What is the units digit of o?
1
Suppose 2*i = 5*z - 148, 0 = -z - 3*i - 2*i + 8. What is the units digit of z?
8
Let l(u) = 2*u + 4. Suppose -h - o = -3, 2*h = -3*h + 3*o + 15. What is the units digit of l(h)?
0
Let w(b) = 3*b + 1. Let u = 4 + -5. Let a(y) = -y + 1. Let t be a(u). What is the units digit of w(t)?
7
Suppose 3*w + 5*c - 339 = 0, -c + 56 = -4*w + 485. What is the tens digit of w?
0
Suppose 3 = 2*q + 1. Let d = q + 4. Suppose 3*w + d = 56. What is the units digit of w?
7
Let c(h) = h - 5. Let x be c(8). Suppose -5*k + 61 = x*d - 2*d, 44 = 4*k - 4*d. What is the units digit of k?
2
Let j(x) = -x. Let a be j(4). Let r(w) = -9*w**2 - 3*w - 5*w**3 + 6*w**3 + 6*w**2 - 4 + 7*w**2. What is the units digit of r(a)?
8
What is the tens digit of (-77 + (2 - 3))/(-1)?
7
Let h = 45 + -78. Suppose -32 = 3*m + 4. What is the units digit of m/(-30) - h/5?
7
Let a = 131 + -54. What is the units digit of a?
7
What is the units digit of (95 - 2)*3/9?
1
Let k(d) = 199 + 7*d - 196 - 15*d. What is the tens digit of k(-4)?
3
Let h be (-2)/4*-2 + -74. Let i = h + 51. Let r = i + 37. What is the units digit of r?
5
Let k(w) = 3*w + 264. What is the hundreds digit of k(0)?
2
Let a = -41 + 25. Let l = a + 17. What is the units digit of l?
1
Let n(c) = c**2 - 6*c - 4. What is the tens digit of n(11)?
5
Suppose -4*b + 9*b - 240 = 0. What is the tens digit of b?
4
Let h(q) = q**2 + 2*q + 1. Let k be h(-6). What is the units digit of k + 0 + -3 + 4?
6
Let z be 1/(-3) + 50/6. Suppose 5*w - w = z. Suppose -3*b - u = -7, -w*b + 2*u = b + 5. What is the units digit of b?
1
Suppose 3*w - 650 = -2*h, -3*w - h + 655 = -0*w. What is the hundreds digit of w?
2
Let a be 1*((-4 - -1) + -1). Let y = a - -7. What is the units digit of 26/y + 1/3?
9
What is the hundreds digit of (180/(-16))/(2/(-24))?
1
Suppose 4*h - 8*h = 48. Let l = 3 - h. What is the tens digit of l?
1
Let s = 70 - 18. What is the tens digit of s?
5
Let n(g) = 2*g - 3. Let r(x) = 3*x - 4. Let l(v) = 7*n(v) - 5*r(v). Let u(w) = w**2 + 4*w + 3. Let q(b) = 4*l(b) + u(b). What is the units digit of q(3)?
8
Suppose 3*b - 95 = -2*b. Suppose 2*d + b = 7*d - 3*s, 12 = 3*d - 2*s. Suppose -d*u + 11 = -u + 2*v, -5*u = v - 73. What is the units digit of u?
5
Let s(d) = -7*d - 4. What is the tens digit of s(-3)?
1
Let d = -18 + 11. Let t(i) = i**3 + 8*i**2 + 5*i. What is the units digit of t(d)?
4
Let l = 159 + -96. What is the tens digit of l?
6
Suppose 2 = -w - 4. Let a = -4 - w. What is the units digit of a?
2
Let h = 19 - 37. What is the units digit of 4/h + 22/18?
1
Let z = 199 - 86. What is the units digit of z?
3
Let b(d) = 2*d + 8. What is the tens digit of b(5)?
1
Let g be 1/8 + 4/(-32). Suppose -4*n - 4*f + 112 = g, 0*f - 5*f = n - 12. What is the tens digit of n?
3
Suppose z = -5*v - 0*z + 52, 5*v - 58 = -4*z. What is the tens digit of v?
1
Let p(f) = f**2 + 7*f + 8. Let m be p(-7). Suppose 10 = 3*o - m. What is the units digit of o?
6
Suppose 0*a + 5*q + 102 = 3*a, 2*q + 150 = 4*a. What is the tens digit of a?
3
Suppose -3*u + 0*j + 2*j = -2, -5*u = 2*j - 14. What is the tens digit of (40/u)/(2/2)?
2
What is the units digit of ((-1)/(-2))/(6/(-8))*-87?
8
Let j(b) = 2 + 0*b**2 + b**2 - 1. Let a(x) = -x. Let t(p) = a(p) + j(p). What is the units digit of t(1)?
1
Suppose -w = -5*w - 52. Let r = 0 - w. What is the tens digit of r?
1
Suppose 2*o + 8 = d - 9, -3*d + 66 = -3*o. What is the tens digit of d?
2
Let g(r) = -r**3 - 4*r**2 + r - 2. Let d be g(-4). Let s = d + 14. Su